6) in base 15?
3
Convert -21 (base 13) to base 11.
-25
13 (base 4) to base 12
7
2102 (base 3) to base 2
1000001
What is 5 (base 8) in base 16?
5
What is 1 (base 16) in base 13?
1
-64 (base 8) to base 9
-57
5 (base 15) to base 13
5
5 (base 6) to base 15
5
302 (base 4) to base 11
46
What is 345 (base 7) in base 11?
154
What is 211 (base 3) in base 4?
112
What is -2 (base 3) in base 8?
-2
Convert -1443 (base 5) to base 4.
-3320
-100 (base 5) to base 14
-1b
What is -54 (base 7) in base 9?
-43
Convert 0 (base 15) to base 2.
0
3 (base 6) to base 3
10
What is -102 (base 4) in base 7?
-24
111 (base 9) to base 13
70
Convert 1100 (base 3) to base 11.
33
Convert 6 (base 16) to base 11.
6
What is -2 (base 13) in base 11?
-2
-c (base 13) to base 14
-c
What is 38 (base 9) in base 2?
100011
Convert -4 (base 11) to base 10.
-4
Convert -5 (base 14) to base 3.
-12
Convert 3 (base 15) to base 7.
3
234 (base 7) to base 5
443
9 (base 12) to base 16
9
Convert 56 (base 10) to base 16.
38
Convert 110 (base 3) to base 11.
11
54 (base 7) to base 6
103
Convert -100 (base 3) to base 6.
-13
-55 (base 6) to base 8
-43
Convert -22 (base 5) to base 16.
-c
5 (base 16) to base 3
12
Convert 70 (base 13) to base 2.
1011011
What is -10 (base 3) in base 15?
-3
1b (base 14) to base 5
100
Convert 220 (base 7) to base 11.
a2
What is 100222 (base 3) in base 11?
225
What is 12 (base 6) in base 11?
8
Convert 1 (base 4) to base 5.
1
What is -42 (base 7) in base 10?
-30
Convert -3 (base 14) to base 6.
-3
What is -9 (base 12) in base 13?
-9
What is 20 (base 3) in base 14?
6
Convert -102 (base 11) to base 5.
-443
Convert 313 (base 8) to base 6.
535
-22 (base 8) to base 16
-12
Convert 6 (base 10) to base 14.
6
Convert -10 (base 5) to base 11.
-5
1b (base 14) to base 16
19
Convert -2 (base 6) to base 8.
-2
-13 (base 5) to base 3
-22
-25 (base 13) to base 2
-11111
-47 (base 12) to base 2
-110111
What is -52 (base 12) in base 6?
-142
-10 (base 2) to base 14
-2
-3 (base 7) to base 3
-10
Convert -111 (base 4) to base 8.
-25
6 (base 15) to base 16
6
Convert -21 (base 5) to base 4.
-23
-35 (base 9) to base 6
-52
Convert 2 (base 16) to base 3.
2
What is 7 (base 10) in base 13?
7
Convert 221 (base 8) to base 7.
265
-6 (base 13) to base 6
-10
74 (base 12) to base 3
10021
What is 14 (base 9) in base 11?
12
-3 (base 15) to base 5
-3
What is c (base 13) in base 9?
13
What is -3 (base 8) in base 2?
-11
What is -2 (base 3) in base 13?
-2
-3 (base 14) to base 16
-3
Convert 21 (base 13) to base 3.
1000
15 (base 13) to base 4
102
What is 6 (base 13) in base 14?
6
Convert -5 (base 10) to base 5.
-10
-20 (base 7) to base 14
-10
-10 (base 3) to base 10
-3
Convert -10 (base 4) to base 3.
-11
What is -12 (base 8) in base 3?
-101
What is 49 (base 10) in base 16?
31
What is -1 (base 12) in base 5?
-1
212 (base 4) to base 16
26
69 (base 11) to base 7
135
-13 (base 6) to base 12
-9
342 (base 5) to base 14
6d
Convert 111 (base 3) to base 2.
1101
What is 43 (base 13) in base 6?
131
Convert -130 (base 10) to base 3.
-11211
130 (base 4) to base 9
31
Convert -5 (base 14) to base 4.
-11
Convert 100 (base 5) to base 9.
27
What is -15 (base 8) in base 5?
-23
-12 (base 12) to base 13
-11
Convert 0 (base 15) to base 8.
0
What is 8 (base 12) in base 15?
8
What is 152 (base 7) in base 14?
62
Convert -c (base 14) to base 8.
-14
75 (base 12) to base 7
155
14 (base 12) to base 5
31
Convert 100 (base 2) to base 13.
4
Convert -13 (base 4) to base 16.
-7
Convert 1000 (base 2) to base 6.
12
-a4 (base 13) to base 9
-158
-5 (base 10) to base 11
-5
-9a (base 12) to base 14
-86
-2 (base 14) to base 7
-2
1010101 (base 2) to base 13
67
Convert 0 (base 9) to base 5.
0
Convert -15 (base 16) to base 14.
-17
What is -2 (base 14) in base 9?
-2
What is -2300 (base 4) in base 2?
-10110000
Convert -6 (base 12) to base 3.
-20
Convert 16 (base 10) to base 3.
121
-246 (base 11) to base 4
-10210
What is 3 (base 14) in base 12?
3
Convert b8 (base 13) to base 5.
1101
6 (base 16) to base 9
6
What is 4 (base 11) in base 15?
4
What is -8 (base 11) in base 13?
-8
-82 (base 10) to base 6
-214
What is 4 (base 13) in base 14?
4
What is -10 (base 2) in base 5?
-2
What is 1100110 (base 2) in base 13?
7b
-13 (base 8) to base 2
-1011
-137 (base 11) to base 2
-10100001
Convert -11 (base 2) to base 13.
-3
Convert -1000 (base 6) to base 10.
-216
-533 (base 6) to base 11
-173
22 (base 4) to base 14
a
Convert -a (base 14) to base 8.
-12
Convert 2a (base 13) to base 9.
40
Convert -111 (base 3) to base 15.
-d
What is 4 (base 13) in base 7?
4
What is -39 (base 14) in base 5?
-201
-2 (base 16) to base 14
-2
What is -1 (base 14) in base 10?
-1
What is -6 (base 12) in base 5?
-11
Convert -1002 (base 3) to base 16.
-1d
What is 138 (base 10) in base 12?
b6
Convert -10 (base 10) to base 7.
-13
Convert 2 (base 11) to base 13.
2
Convert -7 (base 8) to base 9.
-7
Convert 179 (base 11) to base 16.
cf
a3 (base 14) to base 13
b0
4 (base 10) to base 6
4
11 (base 4) to base 11
5
What is a0 (base 11) in base 3?
11002
3 (base 11) to base 15
3
Convert 24 (base 9) to base 15.
17
Convert 1 (base 12) to base 15.
1
Convert -69 (base 13) to base 3.
-10020
What is -102 (base 4) in base 5?
-33
Convert -2 (base 12) to base 15.
-2
100000101 (base 2) to base 10
261
Convert -1 (base 7) to base 5.
-1
What is -2 (base 9) in base 7?
-2
-d (base 16) to base 13
-10
Convert -6 (base 11) to base 12.
-6
What is -29 (base 15) in base 9?
-43
What is -45 (base 7) in base 15?
-23
What is 121 (base 4) in base 6?
41
What is -23 (base 10) in base 4?
-113
b (base 16) to base 7
14
220 (base 5) to base 9
66
Convert -288 (base 10) to base 16.
-120
Convert -13 (base 11) to base 6.
-22
-1 (base 13) to base 12
-1
Convert -1 (base 12) to base 5.
-1
1 (base 2) to base 6
1
Convert -1 (base 9) to base 2.
-1
What is 1 (base 15) in base 13?
1
What is -3 (base 9) in base 14?
-3
Convert -3212 (base 4) to base 2.
-11100110
2a (base 13) to base 16
24
-20 (base 16) to base 10
-32
Convert b (base 15) to base 7.
14
33 (base 11) to base 2
100100
What is 2 (base 14) in base 2?
10
Convert -3 (base 13) to base 5.
-3
Convert -1332 (base 5) to base 8.
-331
Convert e (base 15) to base 9.
15
21 (base 16) to base 4
201
6 (base 15) to base 10
6
What is 6d (base 14) in base 12?
81
Convert -6 (base 9) to base 15.
-6
What is 1 (base 9) in base 16?
1
What is 49 (base 10) in base 8?
61
-13 (base 9) to base 10
-12
What is -134 (base 6) in base 4?
-322
Convert 20 (base 8) to base 4.
100
21002 (base 3) to base 10
191
Convert 100 (base 6) to base 13.
2a
Convert -2 (base 12) to base 9.
-2
What is 1 (base 12) in base 9?
1
What is 129 (base 14) in base 8?
351
What is 7 (base 9) in base 6?
11
-101 (base 2) to base 5
-10
19a (base 12) to base 14
14a
What is -1030 (base 5) in base 8?
-214
-1 (base 15) to base 12
-1
38 (base 15) to base 10
53
What is -152 (base 6) in base 2?
-1000100
Convert 4 (base 7) to base 9.
4
What is -210 (base 3) in base 14?
-17
Convert 453 (base 7) to base 11.
1a3
What is 38 (base 10) in base 13?
2c
Convert -111 (base 2) to base 8.
-7
What is -30 (base 5) in base 2?
-1111
Convert 4 (base 6) to base 9.
4
Convert -24 (base 7) to base 2.
-10010
3 (base 10) to base 16
3
-3 (base 10) to base 13
-3
Convert 42 (base 9) to base 4.
212
Convert 5 (base 15) to base 11.
5
11 (base 8) to base 2
1001
-21 (base 16) to base 4
-201
Convert -10001 (base 2) to base 11.
-16
Convert 7 (base 16) to base 7.
10
Convert 0 (base 15) to base 16.
0
-121 (base 4) to base 9
-27
-410 (base 6) to base 2
-10010110
-1 (base 16) to base 8
-1
What is -314 (base 6) in base 7?
-226
61 (base 14) to base 12
71
What is 225 (base 6) in base 5?
324
What is -1041 (base 5) in base 8?
-222
Convert 4 (base 8) to base 5.
4
Convert -3 (base 8) to base 3.
-10
What is -8 (base 13) in base 8?
-10
Convert -3 (base 13) to base 4.
-3
Convert -66 (base 10) to base 16.
-42
-23 (base 5) to base 3
-111
-5 (base 6) to base 10
-5
555 (base 6) to base 4
3113
What is 224 (base 5) in base 3?
2101
What is 33 (base 13) in base 3?
1120
Convert -34 (base 5) to base 15.
-14
What is 1000 (base 2) in base 11?
8
Convert 77 (base 12) to base 13.
70
Convert 21 (base 4) to base 2.
1001
What is -42 (base 10) in base 6?
-110
-2 (base 15) to base 9
-2
What is 130 (base 6) in base 16?
36
Convert -6 (base 12) t